 = 2919 - 4439. Let k = 3027 + j. List the prime factors of k.
11, 137
Suppose -3*h = -2*r - 7, 3*h = -3*r - 26 - 22. Let m = r + 14. List the prime factors of ((-4)/(-16))/(m*(-2)/(-696)).
29
Let f(d) = 2154*d + 2965. What are the prime factors of f(14)?
11, 3011
Let n = -9569 - -14369. What are the prime factors of n?
2, 3, 5
Let t(y) be the second derivative of -y**5/20 + 35*y**4/12 - 14*y**3/3 + y + 26. What are the prime factors of t(34)?
2, 3, 17
Let q be (-2 + 0/(-2))*160/10. Let y be ((-4)/(-6))/(q/2256). Let w = -45 - y. What are the prime factors of w?
2
Suppose 5*y + 2311 = 3*l + l, 0 = 2*y - 10. Let c = -65 + l. Suppose 5*x = -2*v + c, 2*v + v = 3*x - 324. What are the prime factors of x?
3, 5, 7
Let l be 7*(-7)/(245/(-10)). Suppose 0 = o + g - 205, -3*o + g + 199 = -l*o. Suppose 0 = -a + 2*n - 3 + o, -5*a + n = -1031. List the prime factors of a.
3, 23
Let i be 14833/26 + (-1)/(-2). Suppose 6381 = 14*r + i. List the prime factors of r.
5, 83
Suppose 0 = -25*m + 2*u + 681289, 54481 = 2*m - 315*u + 318*u. List the prime factors of m.
7, 17, 229
Let q = 144 - 147. Let f be (-2070)/(-27) + (-1)/q. Let c = 55 + f. What are the prime factors of c?
2, 3, 11
Let c = 64 + -16. What are the prime factors of ((-5)/(50/24))/(c/(-5120))?
2
Let t(w) = w**2 + 10*w + 48. Let x be t(-14). Let j = 107 - x. Suppose -4*a + 287 = d, -j*a - 4*d + 182 = -17. List the prime factors of a.
73
Let j(s) = 5*s**2 - 96*s - 36. Let r be j(16). Let i = r + 871. What are the prime factors of i?
3, 193
Let o = 197 + -140. Let d = -77 + o. List the prime factors of ((4 - d) + -5)*11.
11, 19
Let a(b) = -588*b**3 + 4*b + 3. Let h be (3 - 0)*18/(-54). What are the prime factors of a(h)?
587
Let v(n) = -n + 13. Let j(u) = 2 + 9*u - 9*u - 4*u + 0. Let p be j(2). What are the prime factors of v(p)?
19
Let r(k) = -2*k**3 + 7*k**2 - 26*k - 217. List the prime factors of r(-14).
7, 11, 13
Suppose 76 - 32 = -2*s + 42. Let f(b) = 160*b**2 + 4*b + 5 - 3 + 2. What are the prime factors of f(s)?
2, 5
Let z(g) = -g**2 + 11*g + 60. Let r be z(15). Let p = r - -350. What are the prime factors of p?
2, 5, 7
Suppose 8*f = 24*f - 137904. Suppose 13*a = f + 988. List the prime factors of a.
739
Let r(m) be the first derivative of 25*m**2 - 102*m - 55. List the prime factors of r(9).
2, 3, 29
Suppose 5*k + 32 = 42. Suppose k*r + 48 = -2*r. List the prime factors of r/(-4) - (-282)/3.
97
Let f(v) = -3670*v + 11*v**2 + 9 + 1835*v + 1839*v. Suppose -3*z + 7*z = 16. What are the prime factors of f(z)?
3, 67
Let y(o) = -19*o + 4. Let l be y(-6). Let c = -1466 + 1466. Suppose -4*d + 2*j + 132 = c, -4*j = 4*d + j - l. What are the prime factors of d?
2
Suppose 4*a = -5*v + 759, a - 5*a = -2*v - 738. Suppose 2*y - 348 = 892. Suppose a*h = 181*h + y. List the prime factors of h.
2, 31
Let r = -19649 + 32575. List the prime factors of r.
2, 23, 281
Let j(b) = b + 8. Suppose 2*l + 38 = -0*l + 2*f, 3*f = -2*l - 43. Let v be j(l). Let x(d) = -d - 9. List the prime factors of x(v).
3
Let j(x) = 46*x**2 + 8. Let m(i) = i**3 - 14*i**2 + i - 11. Let q be m(14). What are the prime factors of j(q)?
2, 211
Suppose 4*b + 12 = b. Let o be (-1)/(b/((-1112)/(-2))). Let q = o + -68. List the prime factors of q.
71
Let a(d) = 10 + 34*d**3 + 3*d**2 + d**2 - 33*d**3 - 57*d**3 + 9*d. What are the prime factors of a(-2)?
2, 3, 19
Let o(i) = -32*i + 22*i + 12 - 3. Let x be o(-6). Let s = -40 + x. What are the prime factors of s?
29
Let q(w) = -w**3 + 9*w**2 + 11*w - 5. Suppose 6*p - 2*p - 40 = 0. Let j be q(p). What are the prime factors of (-222)/(-12) + j + (-3)/(-6)?
2, 3
Suppose -4*a = 5*z - 205, z + 3*a - 16 = 36. Suppose 2268 = 39*y - z*y. List the prime factors of y.
2, 3, 7
Suppose 5*i + 49 - 74 = 0. Let m(b) = 132*b - 13. What are the prime factors of m(i)?
647
Let o be (-4)/((-16)/(-6)) + 54/12. What are the prime factors of (1 + o - 11)/(5/(-560))?
2, 7
Let n = 2028 - -3547. Suppose n - 1667 = 4*i. List the prime factors of i.
977
Suppose n = -5*a - 13 - 11, -3*n + 28 = -5*a. Let b be (n - -1)*(-3 - (-41)/2). Suppose -b = 4*d - 1019. What are the prime factors of d?
2, 3, 41
Suppose 19*q + 65 = 6*q. What are the prime factors of (20/16)/q - 2948/(-16)?
2, 23
Suppose -2 - 2 = -4*n, 5*s + 6682 = -3*n. Let t = -838 - s. List the prime factors of t.
499
Let o = 12 + 59. Let u = o - -31. Suppose 4*d - 330 = u. List the prime factors of d.
2, 3
Suppose -2*o = -5*r + 126569, 0 = -4*r + 5*o + 116271 - 15026. List the prime factors of r.
5, 61, 83
Suppose -5*f + 51072 = 19*f. What are the prime factors of f?
2, 7, 19
Let c(d) = -2*d. Let g(v) = 113*v - 43. Let a(z) = c(z) - g(z). List the prime factors of a(-2).
3, 7, 13
Let c(p) = 1868*p**3 - 18*p**2 + 38*p - 2. What are the prime factors of c(2)?
2, 3, 47, 53
Suppose -3*s + 6 = 3*b, s + 0*s + 2 = b. Let t(m) = 5*m**2 - m**b + 26*m - 1 - 28*m + m**3. What are the prime factors of t(2)?
19
Suppose 18 = -6*n + 30. Suppose 22 = n*o - 2*z, -31 = -3*o - 5*z - 14. What are the prime factors of ((6/o)/(-2))/((-3)/2187)?
3
Let l = 2837 - 2142. Suppose -p - 6 = -3*p. Suppose -5*y = -5*k - l, -p*k = 4*y - 244 - 284. What are the prime factors of y?
3, 5
Suppose 10 = -5*b - g, -12*b + 4*g - 6 = -9*b. What are the prime factors of (b - 1340/(-25))/(2/5)?
3, 43
Let x(f) = 1866*f + 3349. List the prime factors of x(18).
43, 859
Let k(d) = -2*d**3 - 32 - 5*d**2 - 2*d - 33 + 59. Let w be k(-4). Suppose -2*l + w = 2*l - 3*a, -6 = -3*a. List the prime factors of l.
2, 7
Let t be (((-616)/20)/(-7))/(1/145). Let f = t + -335. List the prime factors of f.
3, 101
Let a(b) = 218*b**2 - 261*b - 199. List the prime factors of a(-14).
46183
Let m = -30 + 49. Suppose -8*i + 13 = -m. Suppose -24 + 8 = -i*c. List the prime factors of c.
2
Let c = -193 + 334. Let y = 543 + c. Suppose -11*x + y = -5*x. What are the prime factors of x?
2, 3, 19
Let l be (2/(-3))/(9/(-3294)). Suppose 0 = 3*g + l + 182. What are the prime factors of (-7)/(7/g) + 1?
11, 13
Suppose -5*u - a = -7, 0 = 4*u + a - 4*a - 17. Suppose -6*g - 4*z = -4*g - 224, 320 = 3*g - u*z. List the prime factors of g.
2, 3
Suppose -11*y - 153 = -20*y. Suppose y*h = 32*h - 11010. What are the prime factors of h?
2, 367
Let r be (-22 - -18) + (-158)/2. Let p = r + 85. Suppose 141 - 177 = -p*l. What are the prime factors of l?
2, 3
List the prime factors of (-13 + (11 - 1))/(3/(-19641)).
3, 6547
Suppose -3*a - 3*s = -423, 3*a - 4*s = 171 + 245. Suppose 0 = -5*u - 2*z + 4*z + 712, u - a = z. What are the prime factors of u?
2, 3
Let u(r) = 10*r**3 + 4*r**2 + 10*r + 8. Let d(m) = -2*m**3 - m**2 - m. Let q(y) = -8*d(y) - u(y). What are the prime factors of q(4)?
2, 3
Suppose 0 = f, -5*f - 276 = 2*n - 3*n. Suppose 3*x - 6*x = -n. Suppose -x = -q - 3*t, -q - 3*q + 368 = t. List the prime factors of q.
2, 23
Let k be ((0/5)/7)/1. Suppose k = -8*m - 2*m + 7590. What are the prime factors of m?
3, 11, 23
Let l = -968 + 1360. Suppose -5*b + 148 + l = 0. What are the prime factors of b?
2, 3
Let y = 7399 - 1573. What are the prime factors of y?
2, 3, 971
Let o(l) = 73047*l**3 + 2*l**2 + 20*l - 21. What are the prime factors of o(1)?
2, 23, 397
Let x(z) = 123*z + 10. Let b be 4/((-24)/6) - (-3 + 1). What are the prime factors of x(b)?
7, 19
Let s(p) = 2*p**2 + p - 52. Suppose 0 = o + 29 - 21. What are the prime factors of s(o)?
2, 17
Let j(m) = -m**2 + m + 56. Let y be j(0). Let n be (-7)/(-2)*1*48/y. Suppose n*h + u - 78 = -4*u, -4*u + 12 = 0. What are the prime factors of h?
3, 7
Let w = 63081 + -35612. List the prime factors of w.
13, 2113
Let n(q) be the third derivative of q**5/4 + 23*q**4/24 + q**3/2 - 28*q**2. Let g be n(-5). Let s = g - 149. List the prime factors of s.
2, 3, 19
Let x = 344 + 3970. What are the prime factors of x?
2, 3, 719
Let z(t) be the first derivative of -t**3/3 + 26*t**2 + 37*t + 181. What are the prime factors of z(22)?
17, 41
Let h be 5/(6 + (-6429)/1074). Let b = 574 + h. List the prime factors of b.
2, 233
Let m(q) = -1951*q - 204. Let b be m(-9). Suppose 24*j = 37*j - b. List the prime factors of j.
3, 5, 89
Let q(c) = 1183*c - 73. Let x be q(3). Suppose 4*j - 6*d - 3476 = -8*d, 4*j - 5*d - x = 0. List the prime factors of j.
11, 79
Let g(r) = -6*r - 6. Let z be g(-2). Suppose -n - n + 6 = -2*p, 0 = -2*n - p +